at is the remainder when 124 is divided by 20?
4
What is the remainder when 117 is divided by 28?
5
Calculate the remainder when 2184 is divided by 3.
0
Calculate the remainder when 750 is divided by 75.
0
Calculate the remainder when 2872 is divided by 25.
22
Calculate the remainder when 1564 is divided by 222.
10
What is the remainder when 67 is divided by 35?
32
Calculate the remainder when 827 is divided by 92.
91
Calculate the remainder when 1736 is divided by 124.
0
What is the remainder when 57 is divided by 16?
9
What is the remainder when 2088 is divided by 265?
233
Calculate the remainder when 53 is divided by 11.
9
Calculate the remainder when 268 is divided by 8.
4
What is the remainder when 83 is divided by 19?
7
What is the remainder when 25 is divided by 9?
7
What is the remainder when 11578 is divided by 37?
34
Calculate the remainder when 191 is divided by 66.
59
Calculate the remainder when 4369 is divided by 47.
45
Calculate the remainder when 475 is divided by 34.
33
What is the remainder when 1163 is divided by 199?
168
Calculate the remainder when 359 is divided by 24.
23
Calculate the remainder when 237 is divided by 80.
77
Calculate the remainder when 893 is divided by 171.
38
What is the remainder when 143 is divided by 16?
15
What is the remainder when 223 is divided by 74?
1
What is the remainder when 259 is divided by 247?
12
What is the remainder when 13 is divided by 5?
3
Calculate the remainder when 2518 is divided by 70.
68
Calculate the remainder when 107 is divided by 38.
31
Calculate the remainder when 57 is divided by 42.
15
Calculate the remainder when 171 is divided by 48.
27
Calculate the remainder when 8589 is divided by 121.
119
Calculate the remainder when 97 is divided by 42.
13
What is the remainder when 1908 is divided by 946?
16
Calculate the remainder when 5109 is divided by 10.
9
Calculate the remainder when 315 is divided by 36.
27
What is the remainder when 477 is divided by 100?
77
What is the remainder when 2705 is divided by 900?
5
Calculate the remainder when 36 is divided by 16.
4
What is the remainder when 3511 is divided by 390?
1
Calculate the remainder when 749 is divided by 147.
14
What is the remainder when 442 is divided by 10?
2
What is the remainder when 716 is divided by 345?
26
Calculate the remainder when 2430 is divided by 152.
150
What is the remainder when 70 is divided by 26?
18
What is the remainder when 4425 is divided by 41?
38
Calculate the remainder when 189 is divided by 100.
89
What is the remainder when 116 is divided by 41?
34
What is the remainder when 154 is divided by 31?
30
Calculate the remainder when 137 is divided by 4.
1
What is the remainder when 237 is divided by 34?
33
What is the remainder when 480 is divided by 100?
80
Calculate the remainder when 261 is divided by 22.
19
What is the remainder when 1707 is divided by 150?
57
What is the remainder when 6241 is divided by 7?
4
Calculate the remainder when 1851 is divided by 185.
1
What is the remainder when 778 is divided by 13?
11
Calculate the remainder when 4327 is divided by 22.
15
What is the remainder when 1417 is divided by 57?
49
What is the remainder when 5319 is divided by 1770?
9
What is the remainder when 253 is divided by 17?
15
Calculate the remainder when 246 is divided by 11.
4
What is the remainder when 677 is divided by 329?
19
What is the remainder when 996 is divided by 16?
4
What is the remainder when 34 is divided by 10?
4
What is the remainder when 304 is divided by 59?
9
Calculate the remainder when 2372 is divided by 44.
40
What is the remainder when 8 is divided by 3?
2
Calculate the remainder when 14792 is divided by 269.
266
What is the remainder when 83 is divided by 18?
11
Calculate the remainder when 331 is divided by 38.
27
What is the remainder when 306 is divided by 42?
12
What is the remainder when 30071 is divided by 21?
20
Calculate the remainder when 248 is divided by 21.
17
What is the remainder when 270 is divided by 87?
9
Calculate the remainder when 858 is divided by 106.
10
Calculate the remainder when 44 is divided by 10.
4
Calculate the remainder when 3790 is divided by 15.
10
Calculate the remainder when 2096 is divided by 107.
63
Calculate the remainder when 43951 is divided by 147.
145
Calculate the remainder when 42 is divided by 20.
2
Calculate the remainder when 664 is divided by 210.
34
Calculate the remainder when 89 is divided by 50.
39
What is the remainder when 667 is divided by 86?
65
What is the remainder when 5716 is divided by 43?
40
Calculate the remainder when 148 is divided by 30.
28
Calculate the remainder when 302 is divided by 104.
94
What is the remainder when 640 is divided by 92?
88
What is the remainder when 13 is divided by 5?
3
What is the remainder when 1737 is divided by 778?
181
Calculate the remainder when 153 is divided by 45.
18
What is the remainder when 32851 is divided by 233?
231
What is the remainder when 640 is divided by 38?
32
What is the remainder when 11606 is divided by 73?
72
What is the remainder when 901 is divided by 113?
110
Calculate the remainder when 466 is divided by 67.
64
What is the remainder when 31 is divided by 17?
14
What is the remainder when 911 is divided by 83?
81
Calculate the remainder when 5702 is divided by 35.
32
What is the remainder when 764 is divided by 15?
14
Calculate the remainder when 112 is divided by 22.
2
What is the remainder when 1419 is divided by 26?
15
Calculate the remainder when 6098 is divided by 339.
335
Calculate the remainder when 284 is divided by 18.
14
Calculate the remainder when 887 is divided by 471.
416
Calculate the remainder when 868 is divided by 145.
143
Calculate the remainder when 971 is divided by 5.
1
What is the remainder when 173 is divided by 127?
46
What is the remainder when 8938 is divided by 12?
10
What is the remainder when 193 is divided by 48?
1
What is the remainder when 246 is divided by 110?
26
What is the remainder when 212 is divided by 58?
38
What is the remainder when 4138 is divided by 36?
34
What is the remainder when 439 is divided by 49?
47
What is the remainder when 4029 is divided by 2014?
1
What is the remainder when 22 is divided by 1?
0
What is the remainder when 2072 is divided by 17?
15
Calculate the remainder when 1038 is divided by 40.
38
Calculate the remainder when 438 is divided by 2.
0
Calculate the remainder when 20 is divided by 13.
7
What is the remainder when 943 is divided by 314?
1
What is the remainder when 1248 is divided by 309?
12
What is the remainder when 388 is divided by 49?
45
What is the remainder when 314 is divided by 83?
65
What is the remainder when 899 is divided by 438?
23
Calculate the remainder when 28902 is divided by 123.
120
Calculate the remainder when 648 is divided by 82.
74
What is the remainder when 5809 is divided by 77?
34
What is the remainder when 26 is divided by 6?
2
Calculate the remainder when 1678 is divided by 30.
28
Calculate the remainder when 63672 is divided by 41.
40
Calculate the remainder when 92 is divided by 25.
17
Calculate the remainder when 25 is divided by 12.
1
Calculate the remainder when 290 is divided by 97.
96
Calculate the remainder when 338 is divided by 71.
54
Calculate the remainder when 279 is divided by 20.
19
What is the remainder when 26 is divided by 12?
2
What is the remainder when 572 is divided by 207?
158
What is the remainder when 107 is divided by 9?
8
What is the remainder when 431 is divided by 72?
71
What is the remainder when 274 is divided by 19?
8
What is the remainder when 57 is divided by 14?
1
What is the remainder when 148 is divided by 16?
4
Calculate the remainder when 796 is divided by 393.
10
What is the remainder when 508 is divided by 355?
153
Calculate the remainder when 4774 is divided by 184.
174
Calculate the remainder when 75 is divided by 11.
9
Calculate the remainder when 159 is divided by 47.
18
Calculate the remainder when 1141 is divided by 11.
8
Calculate the remainder when 26 is divided by 17.
9
What is the remainder when 63 is divided by 26?
11
What is the remainder when 31 is divided by 19?
12
What is the remainder when 292 is divided by 99?
94
What is the remainder when 290 is divided by 95?
5
What is the remainde